 51400 = -4*o + 2*d. Suppose o = 14*z + 3286. What are the prime factors of z?
683
Suppose 4*n = 11*n + 35. List the prime factors of ((-3996)/(-3) - 2)*(-2)/n.
2, 7, 19
Suppose -17*s + 22*s = 10, -3*y + 3079 = -4*s. What are the prime factors of y?
3, 7
Let v = 12083 - 6216. What are the prime factors of v?
5867
Let y(t) = 5*t**2 - 28*t - 27. Suppose 36*c = 22*c + 182. What are the prime factors of y(c)?
2, 227
Let x(n) = 36*n + 62. Suppose -20*a + 229 = -51. List the prime factors of x(a).
2, 283
List the prime factors of (-1 + 294668/8)*84/63.
2, 3, 5, 1637
Let b = 77 - 75. Suppose 184 - 660 = -b*h. List the prime factors of h.
2, 7, 17
Let v = -47 + 270. Let u = v + -147. Let g = u + -69. List the prime factors of g.
7
Let v(z) = -12*z**3 - 4*z**2 + 5*z + 9. Let y be v(-7). Suppose 22*p - 5654 - y = 0. List the prime factors of p.
2, 7, 31
Let b(d) = -200*d - 17. Let x be b(7). Let c = x + 2222. List the prime factors of c.
5, 7, 23
Let d be 12*(-6)/9*3/6. What are the prime factors of (-370)/d + (-22)/44?
2, 23
Suppose 4*y + 4 = -4*b, -4*y = -2*b + 5 - 19. Suppose y*m + 9 + 1 = 0. What are the prime factors of ((-1)/(-2))/(m/(-250))?
5
Let c = -1367 - -3425. Suppose 4*v + c = 5*p, -19*p + 1638 = -15*p + v. What are the prime factors of p?
2, 5, 41
Let c = 2142 + 902. Suppose -3*n - 5*w = -320 - 2774, -3*n = -5*w - c. What are the prime factors of n?
3, 11, 31
Suppose -385*m - 286608 = -409*m. List the prime factors of m.
2, 7, 853
Suppose -i = 5*m - 0*m - 9680, 3*m - 9684 = -i. What are the prime factors of i?
2, 3, 5, 17, 19
Suppose 11529 = 11*z - 10*z - 3*d, -4*d = 2*z - 23088. List the prime factors of z.
2, 3, 641
Suppose 2*v = -k + 18933, 4*v - 4*k - 11098 = 26750. List the prime factors of v.
3, 5, 631
Suppose y - 7*m = -4*m + 6, -5*y - m = 2. Let j(l) be the first derivative of -l**2/2 + 74*l + 1. What are the prime factors of j(y)?
2, 37
What are the prime factors of 21 - 17 - (0 - 4641/3)?
3, 11, 47
Let i be (-3173)/(-152) - 2/(-16). Suppose 0 = 63*k - 60*k - i. What are the prime factors of k?
7
Let p(j) = -210*j - 669. Let l(t) = 70*t + 223. Let b(i) = -17*l(i) - 6*p(i). List the prime factors of b(21).
1693
Suppose -209*p + 42503328 = 478*p - 78*p. What are the prime factors of p?
2, 3, 727
Let r(f) = 2*f + 9 + 3*f**2 + 17 + 0*f - 5*f. Let p(t) = t**2 + t + 1. Let z(b) = 4*p(b) - r(b). List the prime factors of z(-11).
2, 11
Suppose -6*s - 67751 = -5*f + 20789, -f = -2*s - 17704. What are the prime factors of f?
2, 17, 521
Suppose -4*o - o + 65 = 0. Let x(i) = 2*i + 3*i + i - 4*i - 20 + 2*i. What are the prime factors of x(o)?
2
Let q = 487 - 437. List the prime factors of q/5*(-1554)/(-35).
2, 3, 37
Suppose -160033 + 293343 + 171838 = 59*n. List the prime factors of n.
2, 3, 431
Suppose 13 = -2*p - 11. Let c(i) = 4*i + 52. Let l be c(p). Suppose l*w - 18 = -5*o, w - 4 = -3*o + 4. List the prime factors of o.
2
Suppose 24*o = -32*o + 1344. Suppose -2*s + 830 = 3*s. Let f = s - o. List the prime factors of f.
2, 71
Suppose -5*f = -0*f - 175. Suppose 40*m = f*m + 35. What are the prime factors of -6*1*m/(-2)?
3, 7
Suppose 2801 = -6*p + 21533. Suppose 2*k + p = 4*i - 1874, 5*k = 10. What are the prime factors of i?
2, 5
Let b be (-814)/(-7) + 22/(-77) - 2. Suppose -5*i = 104 - b. Suppose -i*g - 176 = -y - 46, 3*g + 129 = y. List the prime factors of y.
2, 3, 11
Let t be (-8)/(-20) + (356616/15)/4. Suppose -26*c - t = -26120. List the prime factors of c.
2, 97
Let k(i) = -i**2 + 19*i + 6. Let d be k(9). Let l = 252 - d. What are the prime factors of (1 - 2)/(1*(-2)/l)?
2, 3, 13
Suppose 5*d - t - 132508 + 14477 = 0, 0 = d - 4*t - 23591. What are the prime factors of d?
3, 43, 61
Let q(m) = 174*m + 1307. List the prime factors of q(9).
13, 17
Suppose -4*o = 5*b - 23, -4 = -2*b + 2*o - o. Let n be (b/(-6))/(-1)*-74. List the prime factors of (n/1*(0 - 1))/1.
37
Suppose 0 = 3*t + p - 6*p - 881, 3*t - 880 = 4*p. Suppose -4*l = 2*u - 300, u + u - t = -2*l. What are the prime factors of u?
2, 71
What are the prime factors of 14*(10 - 524)*(-4 + 1)/3?
2, 7, 257
Let w(g) = g**2 + 18*g - 8. Let i(l) = 2*l**2 + 37*l - 17. Let f(v) = 4*i(v) - 9*w(v). Let b be f(-6). Let n = 87 - b. List the prime factors of n.
5, 7
Suppose 3*i - 1600 = i. Suppose -i = -6*c + c. Suppose 3*z - 4*h = c, -h + 77 = 3*z - 108. List the prime factors of z.
2, 3, 5
Let n(f) be the first derivative of 8*f**3/3 - 3*f**2/2 - 23*f + 15. What are the prime factors of n(-5)?
2, 3
Suppose -4*x + 55870 = 5*g - 122691, -4*x - 4*g = -178556. List the prime factors of x.
2, 3, 43, 173
Suppose -6*b = -16*b + 90. Suppose -b*n + 426 = -7*n. List the prime factors of 2*n/42 - (-1)/(-7).
2, 5
Let k(o) = -4*o**3 - 3*o**2 + 4*o - 3. Let p = 40 + -44. Let i be k(p). Suppose 6*w + 3*w = i. List the prime factors of w.
3, 7
Suppose -3*h = -5*w + 327, 0*w - 4*h + 299 = 5*w. What are the prime factors of -4 - w/(-15) - 18596/(-20)?
2, 3, 5, 31
Suppose 98671 + 467547 = 43*f - 693768. What are the prime factors of f?
2, 7, 13, 23
Suppose 2*x + 0*x = 2*g - 2, 4*g + 2*x - 16 = 0. What are the prime factors of (15 - -316) + g/(-6)*0?
331
Let q = 0 + 2. Suppose -2*v - 4*y - 147 = -137, 4*v - 4*y - 40 = 0. Suppose v*g - 30 = q*g. List the prime factors of g.
2, 5
Suppose -2*x - 30 = -2*r, -5*r + 2*r - 75 = 3*x. Let u be x*124/(-20)*-2. Let d = -101 - u. List the prime factors of d.
3, 7
List the prime factors of (150/(-12))/(-5) - 38670/(-12).
3, 5, 43
Suppose -17*k + 80 = -12*k. Let q = k + 7. List the prime factors of q.
23
Let p(f) = -2*f - 6 - 4 + f**3 - f + 6*f**2 - 5. Let t be p(-6). Suppose -4*q - 4*m + 49 = -23, 2*q - 46 = t*m. List the prime factors of q.
2, 5
Let y(i) = i**2 - 14*i - 125. List the prime factors of y(-19).
2, 251
Suppose -3*r + 7 = 2*r - 2*m, -2 = -2*r + m. What are the prime factors of (-933)/(-12)*((2 - r) + 5)?
311
Suppose -5*z = -3*u - 0*u + 1237, -3*z = 5*u - 2005. What are the prime factors of (u/(-3))/(148/(-333))?
3, 101
What are the prime factors of 11840 + 12/((-48)/(-28))?
3, 11, 359
Let y(f) be the second derivative of f**4/12 - 19*f**3/3 - 82*f**2 - 150*f. What are the prime factors of y(47)?
7, 37
Let k(c) = 173*c. Let x(s) = 172*s - 5. Let t(h) = 3*k(h) - 4*x(h). What are the prime factors of t(-11)?
1879
List the prime factors of -4 + 9 + (5 - 2) + 23014.
2, 3, 1279
Suppose 0*x - 4*x + 12 = 0. Let i be ((-56)/(-16) + -4)*-1118. Suppose -4*d + 2*k = -574, -i = d - 5*d - x*k. What are the prime factors of d?
2, 71
Let c(v) = -4*v**3 + 2*v**2 - 9*v - 18. Let o = -208 + 203. List the prime factors of c(o).
577
Let f be -66 + 70 + (-1 - (2973 - 0)). List the prime factors of (f - 3)*((-10)/(-6) - 2).
991
Suppose 95*s + 12227311 = 316*s + 2555025. What are the prime factors of s?
2, 79, 277
What are the prime factors of (-6)/7 + (-980712)/(-14) + -1?
7, 10007
Suppose -10*x + 11*x + 1640576 = 29*x. What are the prime factors of x?
2, 1831
Let m = 144393 + -85677. What are the prime factors of m?
2, 3, 7, 233
Suppose 62*i - 47589 - 1280637 = 0. List the prime factors of i.
3, 37, 193
Let s = 240 + -157. Suppose 127 = 10*j - s. List the prime factors of -2 + 52/28 + 1809/j.
2, 43
List the prime factors of 2912*((-5 - -4) + 66/44).
2, 7, 13
Let x = 2395 - -7136. What are the prime factors of x?
3, 353
Suppose 0 = h - 6*h + 2*m + 9291, -3*h - 2*m + 5581 = 0. Let v = -1072 + h. List the prime factors of v.
787
Suppose -3*n - 87 + 38 = -2*o, 0 = -5*n + 4*o - 85. What are the prime factors of 5934/5 + n + (-2)/(-10)?
2, 587
Suppose 7269 = 4*y - 7907. List the prime factors of y.
2, 7, 271
Let y(p) = p**2 + 3*p + 6. Let f be y(-2). Let s be (5*-2 - f)*7/(-2). Suppose -5*x + s = 3*a - 389, 0 = 4*a + 4*x - 584. List the prime factors of a.
2, 73
Let u(z) = 435*z - 163. Let n be u(25). Suppose n = 20*j - 5128. What are the prime factors of j?
2, 3, 11
Let g(c) = 26*c**2 + 24*c - 12. List the prime factors of g(-9).
2, 3, 313
Suppose 3*k + 765 = -3*p - 120, -4*k = -12. Let v = -229 - p. List the prime factors of v.
3, 23
Suppose 12810 = 2*y - 3*u, -5*y + 0*u + 32038 = -u. List the prime factors of y.
2, 3, 89
Suppose 277260 + 78792 - 64848 = 6*g. List the prime factors of g.
2, 3, 8089
Let c = -517 - -530. Suppose 1442 = c*i + i. What are the prime factors of i?
103
Su